{"id":2311,"date":"2025-02-25T14:31:20","date_gmt":"2025-02-25T13:31:20","guid":{"rendered":"https:\/\/www.tausendtraum.de\/circus\/?page_id=2311"},"modified":"2025-09-08T10:51:07","modified_gmt":"2025-09-08T08:51:07","slug":"maskottchen","status":"publish","type":"page","link":"https:\/\/www.tausendtraum.de\/circus\/ueber-uns-2\/maskottchen\/","title":{"rendered":"Maskottchen &#8222;Luno&#8220;"},"content":{"rendered":"<h1>Maskottchen<\/h1>\n<\/p>\n<h1>Der &#8222;Circus Tausendtraum&#8220; hat sein eigenes Maskottchen.<\/h1>\n<hr>\n<div>\n<p>Unverwechselbar ist Tausendtraum auch durch Mondm\u00e4nnchen LUNO. Vor vielen Jahren fiel LUNO aus dem Sternenhimmel direkt auf das Zeltdach vom Circus Tausendtraum.<\/p>\n<p>Seitdem begleitet er den Zirkus auf seiner Tour durch die Schulen des Landes und ist der heimliche Zirkusdirektor des Circus Tausendtraum.<\/p>\n<p>LUNO taucht aber auch ein paar Wochen vor Projektwoche \u201elebendig\u201c in der Schule auf. Er \u00f6ffnet die Kinderherzen f\u00fcr den Zirkus und steigert die Vorfreude auf die Tausendtraum-Zeit. Au\u00dferdem sammelt auf Wunschzetteln die Trainingsw\u00fcnsche der Kinder ein.<\/p>\n<\/div>\n<p><img decoding=\"async\" src=\"\/circus\/wp-content\/uploads\/2025\/06\/Luno-Spiekeroog-Rettungsring.jpg\" alt=\"\"><br \/>\n<img decoding=\"async\" src=\"\/circus\/wp-content\/uploads\/2025\/06\/nicht-lachen-2.jpg\" alt=\"\"><\/p>\n<p><!--more--><br \/>\n<!-- {\"type\":\"layout\",\"children\":[{\"type\":\"section\",\"props\":{\"header_transparent\":false,\"header_transparent_noplaceholder\":false,\"image\":\"wp-content\\\/uploads\\\/2025\\\/02\\\/background-hero-1.svg\",\"image_position\":\"center-center\",\"image_width\":5000,\"media_overlay\":\"rgb(146, 185, 231)\",\"media_overlay_gradient\":\"radial-gradient(circle, rgba(193,217,251,0.9023810207676821) 0%, rgba(134,182,249,0.9023810207676821) 100%);\",\"padding\":\"xsmall\",\"padding_remove_bottom\":false,\"padding_remove_top\":false,\"style\":\"default\",\"title_breakpoint\":\"xl\",\"title_position\":\"top-left\",\"title_rotation\":\"left\",\"vertical_align\":\"middle\",\"width\":\"default\"},\"children\":[{\"type\":\"row\",\"children\":[{\"type\":\"column\",\"props\":{\"image_position\":\"center-center\",\"position_sticky_breakpoint\":\"m\",\"width_medium\":\"1-2\"},\"children\":[{\"type\":\"headline\",\"props\":{\"content\":\"Maskottchen\",\"title_element\":\"h1\",\"title_style\":\"heading-small\"}}]},{\"type\":\"column\",\"props\":{\"image_position\":\"center-center\",\"position_sticky_breakpoint\":\"m\",\"vertical_align\":\"bottom\",\"width_medium\":\"1-2\"},\"children\":[{\"type\":\"breadcrumbs\",\"props\":{\"show_current\":true,\"show_home\":true,\"text_align\":\"right\"}}]}],\"props\":{\"layout\":\"1-2,1-2\"}}]},{\"type\":\"section\",\"props\":{\"css\":\".el-section{\\n    background:#f6e202;\\n    border-top: 2px solid #163a71;\\n    border-bottom: 2px solid #163a71;\\n    padding-top: 10px;\\n  padding-bottom: 10px;\\n}\\n\\n\",\"image_position\":\"center-center\",\"padding\":\"xsmall\",\"style\":\"default\",\"title_breakpoint\":\"xl\",\"title_position\":\"top-left\",\"title_rotation\":\"left\",\"vertical_align\":\"middle\",\"width\":\"default\"},\"children\":[{\"type\":\"row\",\"children\":[{\"type\":\"column\",\"props\":{\"image_position\":\"center-center\",\"position_sticky_breakpoint\":\"m\"}}]}]},{\"type\":\"section\",\"props\":{\"css\":\".el-section{\\n     border-bottom: 2px solid #163a71;\\n}\",\"image_position\":\"center-center\",\"padding\":\"xsmall\",\"style\":\"default\",\"title_breakpoint\":\"xl\",\"title_position\":\"top-left\",\"title_rotation\":\"left\",\"vertical_align\":\"middle\",\"width\":\"default\"},\"children\":[{\"type\":\"row\",\"children\":[{\"type\":\"column\",\"props\":{\"image_position\":\"center-center\",\"position_sticky_breakpoint\":\"m\"},\"children\":[{\"type\":\"subnav\",\"props\":{\"subnav_style\":\"divider\",\"text_align\":\"center\"},\"children\":[{\"type\":\"subnav_item\",\"source\":{\"query\":{\"name\":\"customMenuItems\",\"arguments\":{\"id\":3,\"parent\":\"2865\",\"heading\":\"\",\"include_heading\":true}},\"props\":{\"content\":{\"name\":\"title\"},\"link\":{\"name\":\"url\"}}}}]}]}]}],\"name\":\"subnav\"},{\"type\":\"section\",\"props\":{\"image\":\"wp-content\\\/uploads\\\/2025\\\/02\\\/Gruppe-45.png\",\"image_position\":\"center-center\",\"media_overlay\":\"rgba(140, 186, 249, 0.8)\",\"media_overlay_gradient\":\"radial-gradient(circle, rgba(252,252,252,0.7959384437368697) 0%, rgba(117,172,240,0) 75%);\",\"style\":\"default\",\"title_breakpoint\":\"xl\",\"title_position\":\"top-left\",\"title_rotation\":\"left\",\"vertical_align\":\"middle\",\"width\":\"default\"},\"children\":[{\"type\":\"row\",\"props\":{\"column_gap\":\"large\",\"layout\":\"1-2,1-2\",\"margin\":\"large\"},\"children\":[{\"type\":\"column\",\"props\":{\"image_position\":\"center-center\",\"position_sticky_breakpoint\":\"m\",\"width_medium\":\"1-2\"},\"children\":[{\"type\":\"headline\",\"props\":{\"content\":\"Der \\\"Circus Tausendtraum\\\" hat sein eigenes Maskottchen.\",\"title_element\":\"h1\"}},{\"type\":\"divider\",\"props\":{\"divider_element\":\"hr\",\"divider_style\":\"small\"}},{\"type\":\"text\",\"props\":{\"column_breakpoint\":\"m\",\"content\":\"\n\n<p>Unverwechselbar ist Tausendtraum auch durch Mondm\\u00e4nnchen LUNO. Vor vielen Jahren fiel LUNO aus dem Sternenhimmel direkt auf das Zeltdach vom Circus Tausendtraum.<\\\/p>\\n\n\n<p>Seitdem begleitet er den Zirkus auf seiner Tour durch die Schulen des Landes und ist der heimliche Zirkusdirektor des Circus Tausendtraum.<\\\/p>\\n\n\n<p>LUNO taucht aber auch ein paar Wochen vor Projektwoche \\u201elebendig\\u201c in der Schule auf. Er \\u00f6ffnet die Kinderherzen f\\u00fcr den Zirkus und steigert die Vorfreude auf die Tausendtraum-Zeit. Au\\u00dferdem sammelt auf Wunschzetteln die Trainingsw\\u00fcnsche der Kinder ein.<\\\/p>\",\"margin\":\"default\"}}]},{\"type\":\"column\",\"props\":{\"image_position\":\"center-center\",\"position_sticky_breakpoint\":\"m\",\"vertical_align\":\"middle\",\"width_medium\":\"1-2\"},\"children\":[{\"type\":\"fragment\",\"props\":{\"margin\":\"default\"},\"children\":[{\"type\":\"row\",\"props\":{\"column_gap\":\"small\",\"layout\":\"1-2,1-2\",\"row_gap\":\"small\"},\"children\":[{\"type\":\"column\",\"props\":{\"image_position\":\"center-center\",\"position_sticky_breakpoint\":\"m\",\"width_medium\":\"1-2\"},\"children\":[{\"type\":\"image\",\"props\":{\"image\":\"wp-content\\\/uploads\\\/2025\\\/06\\\/Luno-Spiekeroog-Rettungsring.jpg\",\"image_box_decoration\":\"default\",\"image_svg_color\":\"emphasis\",\"image_width\":600,\"margin\":\"default\"}}]},{\"type\":\"column\",\"props\":{\"image_position\":\"center-center\",\"position_sticky_breakpoint\":\"m\",\"width_medium\":\"1-2\"},\"children\":[{\"type\":\"image\",\"props\":{\"image\":\"wp-content\\\/uploads\\\/2025\\\/06\\\/nicht-lachen-2.jpg\",\"image_box_decoration\":\"default\",\"image_height\":875,\"image_svg_color\":\"emphasis\",\"image_width\":600,\"margin\":\"default\"}}]}]}],\"name\":\"bilder\"}]}]}]}],\"version\":\"4.5.17\"} --><\/p>\n","protected":false},"excerpt":{"rendered":"<p>Maskottchen Der &#8222;Circus Tausendtraum&#8220; hat sein eigenes Maskottchen. Unverwechselbar ist Tausendtraum auch durch Mondm\u00e4nnchen LUNO. Vor vielen Jahren fiel LUNO aus dem Sternenhimmel direkt auf das Zeltdach vom Circus Tausendtraum. Seitdem begleitet er den Zirkus auf seiner Tour durch die Schulen des Landes und ist der heimliche Zirkusdirektor des Circus Tausendtraum. LUNO taucht aber auch [&hellip;]<\/p>\n","protected":false},"author":1,"featured_media":0,"parent":2537,"menu_order":0,"comment_status":"closed","ping_status":"closed","template":"","meta":{"_acf_changed":false,"footnotes":""},"class_list":["post-2311","page","type-page","status-publish","hentry"],"acf":[],"_links":{"self":[{"href":"https:\/\/www.tausendtraum.de\/circus\/wp-json\/wp\/v2\/pages\/2311","targetHints":{"allow":["GET"]}}],"collection":[{"href":"https:\/\/www.tausendtraum.de\/circus\/wp-json\/wp\/v2\/pages"}],"about":[{"href":"https:\/\/www.tausendtraum.de\/circus\/wp-json\/wp\/v2\/types\/page"}],"author":[{"embeddable":true,"href":"https:\/\/www.tausendtraum.de\/circus\/wp-json\/wp\/v2\/users\/1"}],"replies":[{"embeddable":true,"href":"https:\/\/www.tausendtraum.de\/circus\/wp-json\/wp\/v2\/comments?post=2311"}],"version-history":[{"count":10,"href":"https:\/\/www.tausendtraum.de\/circus\/wp-json\/wp\/v2\/pages\/2311\/revisions"}],"predecessor-version":[{"id":3074,"href":"https:\/\/www.tausendtraum.de\/circus\/wp-json\/wp\/v2\/pages\/2311\/revisions\/3074"}],"up":[{"embeddable":true,"href":"https:\/\/www.tausendtraum.de\/circus\/wp-json\/wp\/v2\/pages\/2537"}],"wp:attachment":[{"href":"https:\/\/www.tausendtraum.de\/circus\/wp-json\/wp\/v2\/media?parent=2311"}],"curies":[{"name":"wp","href":"https:\/\/api.w.org\/{rel}","templated":true}]}}